3)/(-9)) is divided by 44?
42
Suppose -w + 5*n + 45 = 0, 0*w + 198 = 4*w - 2*n. What is the remainder when 127 is divided by w?
27
Let n = 636 + -296. Suppose -19*h = -23*h + n. Suppose -5*x - v + 45 + 67 = 0, -5*x + 3*v + 104 = 0. Calculate the remainder when h is divided by x.
19
Let p(c) = 20*c + 30. Suppose -429 = -3*r - 10*r. Calculate the remainder when p(5) is divided by r.
31
Let s(j) = -42*j - 134. What is the remainder when s(-8) is divided by 68?
66
Let o = 1126 + -734. Calculate the remainder when o is divided by 22.
18
Suppose 0*z + 3*z = a - 122, -5*a + 3*z = -658. What is the remainder when a is divided by (34 - (-1 - -2)) + 1?
32
Suppose 84*p - 50793 = 6243. What is the remainder when p is divided by 114?
109
Suppose 211 = 2*f + 79. Suppose -p = -2*v - 54, -p + 2*v = 3*v - f. Suppose 2*a = 0, -3*c = -5*a + 14 - 62. Calculate the remainder when p is divided by c.
14
Let n = 100 - 59. Let m = -20 + n. What is the remainder when m is divided by 11?
10
Let w = 13 + -9. Suppose 162*m = 159*m + 9. What is the remainder when w is divided by m?
1
Suppose 0 = 4*l + 4*t - 24, -2*t + 0*t = -5*l + 23. Calculate the remainder when 13 - ((-8 - -3) + 4) is divided by l.
4
Let k(u) = u**3 - 3*u**2 + 22*u - 156. Let m(l) = -l**3 + 4*l**2 + 4*l - 6. What is the remainder when m(4) is divided by k(5)?
2
What is the remainder when ((-14)/3)/(5/(-75)) is divided by 36?
34
Let g be 2096/32 + 2/4 + -1. Let w = 76 - g. What is the remainder when 14 is divided by w?
3
Suppose -18 = -6*m + 4*m. Let f = m + 28. Calculate the remainder when f is divided by (-7)/(-49) - 110/(-14).
5
Let q = 5 + -1. Suppose -5*m + 35 = c - 0*c, 3*m - 21 = q*c. What is the remainder when 62 is divided by m?
6
Let u(l) = l**2 + 54*l - 540. Calculate the remainder when 132 is divided by u(-64).
32
Let y = -35 + 49. Let r = 14 - y. Calculate the remainder when (r/2 - 2) + 5 is divided by 2.
1
Suppose -1320 = -33*s + 1551. Calculate the remainder when 166 is divided by s.
79
Let c(q) = -3*q + 202. What is the remainder when 1336 is divided by c(33)?
100
Suppose 5*o + 94 = 5*h + 2*o, -84 = -4*h - 2*o. Calculate the remainder when 158 is divided by h.
18
Let a(d) be the third derivative of -d**5/60 + 5*d**4/8 + 13*d**3/6 - 8*d**2. Suppose 2*x - 30 = -x. Calculate the remainder when a(14) is divided by x.
7
What is the remainder when ((-42)/(-5))/((-27)/(-90)) is divided by 10?
8
Let u(d) = 10*d**2 - 6*d - 45. What is the remainder when u(7) is divided by 7?
4
Let u = 9 - -11. Suppose 8*h - 3*h + u = 0. Let t = h + 12. Calculate the remainder when 14 is divided by t.
6
Suppose 0*o = 13*o - 2457. Calculate the remainder when o is divided by 16.
13
Suppose -6*v + 11*v - 11 = r, 5*r + v - 49 = 0. Suppose -4*p - p = -350. What is the remainder when p is divided by r?
7
Let l = -214 - -240. Calculate the remainder when 42 is divided by l.
16
Let r(m) = -m**3 - m**2 + 10*m + 3. Let f be r(-4). Let y(b) = b + 27. What is the remainder when 111 is divided by y(f)?
35
Suppose -w + 420 = -r, -w = 2*w - 4*r - 1265. Calculate the remainder when w is divided by 8.
7
What is the remainder when 669/10 + 15/150 is divided by 20?
7
Let q(n) = -5*n - 2. Suppose -3*b - 9 = 15. Let s = 18 + b. What is the remainder when q(-6) is divided by s?
8
Calculate the remainder when 98 is divided by 2/9 - 26726/(-747).
26
Let h(c) = -5*c + 6. Let t be h(-3). Let m = t - 19. Suppose 4*g - 32 = -5*p, 0 = g - 5*p + 27 - 10. Calculate the remainder when g is divided by m.
1
Let y(u) = -4*u**3 - 4*u**2 + 11*u - 10. Let t be y(4). Let v = t - -411. Calculate the remainder when v is divided by 21.
20
Let s(m) = -m**2 + 17*m - 24. Suppose -31*f = -36*f + 75. What is the remainder when 7 is divided by s(f)?
1
Suppose 5*a - o - 35 - 70 = 0, 3*a - 4*o - 63 = 0. Suppose 121 = 3*q - 2*y, 182 = 4*q - y + 19. What is the remainder when q is divided by a?
20
Calculate the remainder when 48 - (2/(-1) + 1) is divided by 29.
20
What is the remainder when 394 is divided by (-19)/(-2) + (-23)/46?
7
Let p = 100 + -77. Let d(k) = k**2 - 6*k + 1. Let v be d(6). Calculate the remainder when v - (-90 - (-1 + 0)) is divided by p.
21
Suppose 34*p = 55*p - 483. Calculate the remainder when 90 is divided by p.
21
Let z = -21 + 21. Suppose 0*c - 5*c + 149 = 4*j, z = 2*c + j - 59. What is the remainder when 84 is divided by c?
26
Let t = 1702 - 1129. Calculate the remainder when t is divided by 24.
21
Calculate the remainder when 72 is divided by 1/1 - (-11 - -10)*12.
7
Suppose 0 = -3*v - 3, 3*v + 483 = 4*s. What is the remainder when s is divided by 33?
21
Let k(t) = t**3 - 2*t**2 + t. Let f be k(1). Let x be -4*(2 - (4 + f)). Let o(p) = -p + 11. What is the remainder when 3 is divided by o(x)?
0
Suppose 9*z - 5*z = 12. Let l = z - -6. What is the remainder when 6/(30/35)*(6 + -1) is divided by l?
8
Let n(r) = -3*r**2 - 39*r - 12. Calculate the remainder when 156 is divided by n(-11).
48
Let m(d) = d**3 + 6*d**2 - 2. Let l be m(-6). Calculate the remainder when 104 is divided by 5 - 3 - l - -49.
51
Let x(r) = r**2 + 21*r + 77. Calculate the remainder when 198 is divided by x(-19).
3
Suppose 2*u - 199 = 4*l - 9*l, -2*u + 2*l = -220. Calculate the remainder when u is divided by 31.
14
Let w = 60 - 35. Suppose b - 42 = -0*b + k, k - 72 = -2*b. Calculate the remainder when b is divided by w.
13
Suppose 270 + 380 = 50*v. Calculate the remainder when 383 is divided by v.
6
Let k(g) = -10*g + 406. What is the remainder when k(28) is divided by 29?
10
Calculate the remainder when 782 is divided by 61 - 10/(-40)*-20.
54
Let i be (-5)/(15/(-9)) - 3. Let s be 9 - 1*i/2. Let h(n) = 3*n - 12. Calculate the remainder when 27 is divided by h(s).
12
Calculate the remainder when 82 is divided by (52/5)/(1*(-4)/(-10)).
4
Suppose 4*p = v + 179, 77 = 4*p + 5*v - 108. Suppose -108 = -3*n - 0*n. Suppose n - 108 = -3*m. Calculate the remainder when p is divided by m.
21
Let b(y) = 4*y - 11. Let p be -10*(7/(-5) - -3). Let j = p + 25. What is the remainder when 73 is divided by b(j)?
23
Let u = -68 + 103. Calculate the remainder when 242 is divided by u.
32
Let n(y) = 10*y + 9. Let g be (-2)/(-8) - (-30)/8. Let k(j) = j**2 - 3*j - 5. Calculate the remainder when n(g) is divided by k(6).
10
Let d = -74 + 145. Let y = -40 + d. Calculate the remainder when y is divided by 7.
3
What is the remainder when (-1 + 38/8)*(-64752)/(-684) is divided by 46?
33
Let z = -106 - -177. What is the remainder when z is divided by 9?
8
Calculate the remainder when 24 is divided by ((-96)/(-36))/(8/12).
0
Let o(c) = 47*c - 256. Calculate the remainder when 45 is divided by o(6).
19
What is the remainder when 221 is divided by (5 + 11)/(2/(-14)*-2)?
53
Let y(j) = j**2 - j + 1. Let u(p) = p**3 + 3*p**2 - 2*p. Let z be u(1). What is the remainder when 4 is divided by y(z)?
1
Let p be ((-7)/(28/(-120)))/2. Calculate the remainder when 27 is divided by p/(-2)*(-4)/3.
7
Let m(j) = -j**2 + 2*j. Suppose 0 = -2*k - 3*k. Let y be m(k). Suppose 3*r - 11 = -0*r - 2*o, y = 2*o - 2. Calculate the remainder when 9 is divided by r.
0
Let x = 103 + 23. What is the remainder when x is divided by 5?
1
Suppose 8 = -3*i - i. Suppose -90 = -4*t + 150. What is the remainder when t is divided by (7/2)/(i/(-12))?
18
Let d(z) be the third derivative of z**6/120 - z**5/15 + z**4/8 - 5*z**3/3 - 2*z**2. Calculate the remainder when 6 is divided by d(4).
0
Let k(g) = 2*g**2 - 67*g - 237. What is the remainder when k(37) is divided by 6?
4
Let h = 11 - 16. Suppose 13*n = 4*n + 270. What is the remainder when 38 is divided by 402/n + 2/h?
12
Let s(b) be the first derivative of b**2 + b + 12. What is the remainder when s(2) is divided by 3?
2
Let n(y) = y**2 + 14*y - 9. Let t(a) = a**2 + 21*a - 14. Let u(h) = 7*n(h) - 5*t(h). Calculate the remainder when u(4) is divided by 7.
4
What is the remainder when 53 is divided by 12/(-22) + (-564)/(-66)?
5
Let t(y) = -y**3 + 6*y**2 + 10*y - 5. Let d = -264 + 474. Suppose 4*p = 11*p - d. What is the remainder when p is divided by t(7)?
14
Suppose 0 = -59*p + 46*p + 3484. Calculate the remainder when p is divided by 5.
3
Suppose -133 = -2*p + n, 5*p - p - 5*n = 263. Calculate the remainder when 1205 is divided by p.
66
Let i(d) = -8*d - 10. Suppose -2*a = 5*b + 25, 3*b - 5*